 139, 28211
What are the prime factors of 1916129850?
2, 3, 5, 383, 33353
What are the prime factors of 208162720?
2, 5, 1301017
What are the prime factors of 203316533?
7, 53, 79, 991
What are the prime factors of 18439147?
18439147
What are the prime factors of 7479447768?
2, 3, 13, 29, 53, 1733
List the prime factors of 64031985.
3, 5, 474311
List the prime factors of 1540357423.
11, 140032493
What are the prime factors of 1431574707?
3, 101, 4724669
List the prime factors of 4244492916.
2, 3, 19, 53, 191, 613
What are the prime factors of 129192865?
5, 683, 37831
What are the prime factors of 246045883?
983, 250301
What are the prime factors of 235396053?
3, 23, 1137179
What are the prime factors of 933326894?
2, 17, 29, 946579
What are the prime factors of 5797528295?
5, 13, 89192743
List the prime factors of 440014837.
31, 14194027
What are the prime factors of 1563923443?
59, 26507177
What are the prime factors of 71888840?
2, 5, 337, 5333
List the prime factors of 374443570.
2, 5, 41, 43, 67, 317
List the prime factors of 661069113.
3, 220356371
What are the prime factors of 2079325470?
2, 3, 5, 69310849
List the prime factors of 36058269.
3, 13, 227, 4073
What are the prime factors of 144096068?
2, 36024017
What are the prime factors of 21904507?
31, 706597
List the prime factors of 39533895.
3, 5, 23, 38197
What are the prime factors of 55349107?
11, 5031737
What are the prime factors of 834726415?
5, 53, 3149911
What are the prime factors of 1576578315?
3, 5, 13, 31, 260807
List the prime factors of 352389211.
163, 2161897
List the prime factors of 442394474.
2, 14153, 15629
What are the prime factors of 1807646313?
3, 11, 97, 564713
List the prime factors of 1077341157.
3, 119704573
What are the prime factors of 171255857?
171255857
What are the prime factors of 1781436457?
23, 77453759
What are the prime factors of 3565522706?
2, 7687, 231919
List the prime factors of 4939562817.
3, 7, 179, 16223
List the prime factors of 52103178.
2, 3, 37, 78233
What are the prime factors of 274237150?
2, 5, 11, 498613
What are the prime factors of 122676773?
97, 787, 1607
What are the prime factors of 59919621?
3, 31, 644297
List the prime factors of 217271162.
2, 6427, 16903
What are the prime factors of 2553819813?
3, 5737, 16487
List the prime factors of 54202668.
2, 3, 13, 19, 18287
What are the prime factors of 50701337?
31, 53, 30859
What are the prime factors of 242450537?
7, 34635791
List the prime factors of 1117031120.
2, 5, 1283, 10883
What are the prime factors of 11333899?
19, 83, 7187
List the prime factors of 455726929.
7, 109, 139, 4297
List the prime factors of 135432608.
2, 17, 19, 13103
List the prime factors of 6696362275.
5, 107, 2503313
What are the prime factors of 85441136?
2, 11, 23, 21107
What are the prime factors of 2529592998?
2, 3, 421598833
List the prime factors of 25312341.
3, 8437447
What are the prime factors of 45813378?
2, 3, 13, 23, 25537
List the prime factors of 1739559839.
19, 91555781
List the prime factors of 203165457.
3, 11, 983, 6263
What are the prime factors of 226949603?
226949603
List the prime factors of 33825110.
2, 5, 11, 61, 71
What are the prime factors of 612037381?
41, 14927741
What are the prime factors of 659146804?
2, 67, 36709
List the prime factors of 1055281948.
2, 7, 37688641
What are the prime factors of 2197476973?
2197476973
What are the prime factors of 142125850?
2, 5, 2842517
List the prime factors of 3244560773.
22349, 145177
What are the prime factors of 223442580?
2, 3, 5, 3724043
What are the prime factors of 969066647?
149, 6503803
List the prime factors of 821451566.
2, 13, 307, 102913
What are the prime factors of 6105314?
2, 83, 36779
List the prime factors of 185155370.
2, 5, 18515537
What are the prime factors of 3327091376?
2, 7, 359, 11821
What are the prime factors of 11918716?
2, 2979679
What are the prime factors of 65332579?
13, 661, 7603
What are the prime factors of 361685290?
2, 5, 36168529
List the prime factors of 213108747.
3, 71036249
List the prime factors of 939366057.
3, 7, 29, 1542473
List the prime factors of 28197200.
2, 5, 157, 449
List the prime factors of 8083475.
5, 323339
List the prime factors of 253218533.
253218533
List the prime factors of 382634782.
2, 107, 1788013
List the prime factors of 3168035188.
2, 47, 16851251
What are the prime factors of 128666719?
128666719
List the prime factors of 80355630.
2, 3, 5, 701, 3821
List the prime factors of 149707521.
3, 1848241
What are the prime factors of 41735827?
7, 31, 41, 4691
List the prime factors of 606779507.
2111, 287437
What are the prime factors of 73776231?
3, 113, 24181
What are the prime factors of 1649526754?
2, 8747, 94291
List the prime factors of 514965640.
2, 5, 7, 173, 10631
What are the prime factors of 3490509215?
5, 698101843
List the prime factors of 241325642.
2, 17, 53, 157, 853
List the prime factors of 370114323.
3, 123371441
List the prime factors of 1362574524.
2, 3, 113547877
What are the prime factors of 211915099?
11, 19265009
What are the prime factors of 27160156?
2, 491, 13829
List the prime factors of 25489521.
3, 29, 61, 1601
List the prime factors of 159186060.
2, 3, 5, 11, 8933
What are the prime factors of 264273655?
5, 61, 866471
What are the prime factors of 800909122?
2, 13, 30804197
List the prime factors of 149492430.
2, 3, 5, 47, 59, 599
List the prime factors of 46608373.
7, 17, 23, 17029
List the prime factors of 47584894.
2, 7, 733, 4637
What are the prime factors of 50760700?
2, 5, 507607
List the prime factors of 1299712610.
2, 5, 7, 18567323
List the prime factors of 1536694125.
3, 5, 173, 23687
List the prime factors of 116353260.
2, 3, 5, 89, 269
List the prime factors of 948734872.
2, 5381, 22039
What are the prime factors of 36803813?
29, 971, 1307
List the prime factors of 456536275.
5, 13, 17, 19, 4349
What are the prime factors of 59956369?
11, 29, 187951
List the prime factors of 76234199.
733, 104003
What are the prime factors of 3117024236?
2, 779256059
What are the prime factors of 88301209?
23, 71, 2351
List the prime factors of 1724713366.
2, 823, 1047821
What are the prime factors of 27585373?
17, 1622669
What are the prime factors of 1420185367?
8627, 164621
List the prime factors of 374178781.
53, 523, 13499
What are the prime factors of 1115807260?
2, 5, 47, 223, 5323
What are the prime factors of 1792040859?
3, 7, 61, 353, 1321
What are the prime factors of 582649359?
3, 71, 2735443
List the prime factors of 98110063.
1013, 96851
What are the prime factors of 119628974?
2, 59814487
List the prime factors of 6406111.
6406111
List the prime factors of 114540762.
2, 3, 7, 229, 11909
What are the prime factors of 200516381?
13, 15424337
List the prime factors of 4639379413.
4639379413
What are the prime factors of 333383423?
41, 2801, 2903
List the prime factors of 145891682.
2, 7487, 9743
List the prime factors of 1257804248.
2, 89, 1766579
What are the prime factors of 143741196?
2, 3, 97, 13721
List the prime factors of 180687621.
3, 251, 239957
What are the prime factors of 415878984?
2, 3, 5776097
List the prime factors of 218286836.
2, 23, 2372683
List the prime factors of 422864947.
397, 2683
What are the prime factors of 372759418?
2, 2671, 69779
What are the prime factors of 289770892?
2, 137, 528779
What are the prime factors of 86215595?
5, 17243119
List the prime factors of 18977196.
2, 3, 7, 225919
What are the prime factors of 2413695244?
2, 603423811
List the prime factors of 5284430.
2, 5, 61, 8663
What are the prime factors of 4283511390?
2, 3, 5, 15864857
What are the prime factors of 85714588?
2, 3389, 6323
What are the prime factors of 41652240?
2, 3, 5, 7, 24793
List the prime factors of 902702047.
13, 149, 227, 2053
What are the prime factors of 299909263?
89, 3369767
List the prime factors of 2155973160.
2, 3, 5, 11, 148483
List the prime factors of 20471726.
2, 11, 109, 8537
What are the prime factors of 80976737?
401, 201937
List the prime factors of 175728062.
2, 151, 311, 1871
List the prime factors of 904581066.
2, 3, 97, 863, 1801
List the prime factors of 421690855.
5, 23, 3666877
What are the prime factors of 193015582?
2, 859, 112349
List the prime factors of 107415331.
4507, 23833
List the p